o = 3*o. Suppose o*j + 4*j - 20 = 0. Suppose y - j = 2. What is the units digit of y?
7
Suppose 2*t - 6*b = -b + 569, 4*b = 12. What is the hundreds digit of t?
2
What is the units digit of (-9)/12 + (-1630)/(-40)?
0
Let x(y) = 51*y**2 - 2*y + 1. Let n(w) = -205*w**2 + 9*w - 5. Let f(d) = 2*n(d) + 9*x(d). Let u be f(-1). Suppose 248 = 4*q + u. What is the units digit of q?
0
Let p = -6 - -29. What is the tens digit of p?
2
Suppose -2*h = -0*h - 4. What is the units digit of (-4)/(-6)*(h - -4)?
4
Let w = 1044 - -49. What is the thousands digit of w?
1
Let x(j) = -120*j + 365. What is the hundreds digit of x(-24)?
2
Let m = -535 - -3933. What is the thousands digit of m?
3
Let f(d) = -5 + 45*d + 11*d**2 - 3*d**2 - 43*d + 2. What is the units digit of f(-3)?
3
Let q(l) = -4 + 3*l - 2*l**2 + 0*l + 2*l + 3*l**2. Let x be q(-6). Let a(f) = f**3 - f**2 + f + 2. What is the units digit of a(x)?
8
Let z = -1622 - -2775. What is the units digit of z?
3
Suppose 0 = 42*j - 32*j - 5590. What is the units digit of j?
9
Let y = -24 + 24. Suppose -2*u + 17 + 447 = y. What is the units digit of u?
2
Let z = 392 - 245. Suppose 3*n = 12 + z. What is the units digit of n?
3
What is the hundreds digit of (-2594)/(-11) + 10/55?
2
Suppose 99 = 4*j + 15. Let q(g) = -g**3 + 14*g**2 - 12*g - 11. Let k be q(13). Suppose t - j = -k*t. What is the units digit of t?
7
Let l = -7 + 6. Let q = l + 10. What is the units digit of q?
9
What is the units digit of (-4 - -5)/(2/(-246))*-2?
6
Let q be 89/3 + (-4)/(-12). Let b = 46 - q. Suppose 0 = -o - 2*a + 6, 5*o + 2*a + b - 54 = 0. What is the units digit of o?
8
Suppose -104 - 26 = 5*i. Let j be (3 - i/(-2))/(-1). Let t = j + -4. What is the units digit of t?
6
What is the thousands digit of (-51090)/(-33) - (-30)/(-165)?
1
Let u = -121 - -118. Let k(t) = 0*t**2 + 3*t - 2*t - 2*t**2 + 2 - t**3. What is the units digit of k(u)?
8
Let s(n) = -n**2 + 18*n + 12. Let w be s(11). Suppose -d - l = d - w, -5*d + 3*l = -217. Suppose -3*i - 8 = -d. What is the tens digit of i?
1
Let j(z) = -z**3 + 7*z**2 - 8*z - 2. Let g be j(6). What is the units digit of (-2794)/(-77) - (-4)/g?
6
Suppose 13*k + 8*k - 83706 = 0. What is the tens digit of k?
8
Suppose 3*x + 5*v = 8*x - 270, 4*x - 2*v = 218. Let l be (0/1 - 0) + -2. Let g = l + x. What is the units digit of g?
3
Suppose -93*l + 128*l - 109970 = 0. What is the tens digit of l?
4
Let w = 34 + -66. Let o = w + 55. What is the units digit of o?
3
Suppose 9*v = -5*v - 588. What is the units digit of (-2 - -2)/(-5 + 8) - v?
2
Suppose 23670 = -85*l + 103*l. What is the units digit of l?
5
Suppose 0 = -10*w - 17*w + 27540. What is the tens digit of w?
2
Let j be (-94)/(-8) - 16/(-64). What is the tens digit of 236/j*(1 + 2)?
5
Let i be (-6)/1*(114/(-4))/(-3). Let u = 37 - i. What is the tens digit of u?
9
Suppose -2*h - 37 = 5*o, -6*h = -2*h + 3*o + 39. Suppose -b + 2*c = -0*b + 31, -b - 35 = 2*c. What is the tens digit of 376/11 - h/b?
3
Let q(n) = n**2 - 2*n + 3. Let p be q(2). Suppose 387 = 4*v - v. What is the tens digit of -2 + v/p*1?
4
Suppose 127 = -z - 11. What is the tens digit of -2*(4 - 1)*z/9?
9
Suppose -46 = -5*d + 29. Suppose 6*h - 110 = h. Let o = h - d. What is the units digit of o?
7
Let f(o) = -46*o + 45. What is the units digit of f(-5)?
5
Let s = -17 + 23. Let u(p) = -14*p - 4 + 3 + p**2 + 16*p - 1. What is the tens digit of u(s)?
4
Let k = 5 - -10. Suppose 20 = -4*r, 3*r = -w + 2*r. What is the units digit of w + -4 + k*1?
6
Suppose 4004 = 3*d - 5*s, -26*s - 6688 = -5*d - 25*s. What is the units digit of d?
8
What is the tens digit of (8 - 5) + (-508)/(-2)?
5
Let x be (1/(-3))/((-9)/297). Suppose x*f - 384 = 5*f. What is the tens digit of f?
6
Let v be (3 + 202)*(15/25 - 0). Suppose j = 2*j - 5. Suppose j*u = -5, -p - u = p - v. What is the tens digit of p?
6
Let z be (-3)/(-2)*(-3)/9*-80. Let d = 45 - z. What is the units digit of d?
5
Let z(k) = -12*k**2 + 6*k - 3. Let h(g) = g**3 + 4*g**2 + 2*g - 2. Let u be h(-2). Let n be z(u). Let c = n - -60. What is the units digit of c?
1
Let d = -70 + 15. Let i = 19 - d. What is the units digit of i?
4
What is the tens digit of -7*1 - (-588 - 43)?
2
Suppose -8*s = -12*s + 2588. What is the tens digit of s?
4
Let o = -2 - -7. Suppose 0 = -5*v - 2*b - 244, 0 = o*v + 3*b + 186 + 60. Let m = 78 + v. What is the units digit of m?
0
Let g(i) = -i**3 - 8*i**2 + 8*i + 7. Let j be -33*(3 + (-32)/12). Let o = j - -2. What is the units digit of g(o)?
6
Let o be (-2385)/(-39) - (-8)/(-52). Suppose 0*m = -m + o. What is the tens digit of m?
6
Suppose 0 = -c + 116 + 447. What is the units digit of c?
3
What is the units digit of -16*(-2)/64*6*513?
9
Let l(a) = 25*a**2 - 5*a - 6. Let k be l(-3). Suppose 11*z - 8*z - k = 0. What is the tens digit of z?
7
Let c(h) = -173*h + 12. What is the units digit of c(-3)?
1
Let o be 6/(-9)*(-42)/1. Let u be -1 + (50*-1)/(-2). Suppose -2*p + u + o = j, 2*p - 58 = -4*j. What is the units digit of p?
5
Let f = -35 - -346. What is the hundreds digit of f?
3
Suppose -5*u - 423 = -i + 47, -289 = 3*u - 2*i. Let j be u/6 - 5/(-10). Let h = j - -21. What is the units digit of h?
6
Let u = -1079 + 3309. What is the units digit of u?
0
Let t be (-344)/(-24) - (-1)/(-3). What is the tens digit of 163 - 6/3 - t/7?
5
Let o = -387 + 1743. What is the units digit of o?
6
Let u = -1485 + 3642. What is the hundreds digit of u?
1
Let p(g) = -g**3 + g**2 + 2. Let k be p(0). Suppose -u = -k*u. Suppose 3*i - 4 - 2 = u. What is the units digit of i?
2
Suppose -139 + 20 = -3*l + 2*b, 5*l - 199 = 4*b. Suppose -324 + l = -5*w. Let o = w - 31. What is the tens digit of o?
2
Let k(d) = d**3 + d**2 - d + 3. Let q be k(-2). Let n be (-4 + q)/(10 - 13). Suppose -2*r + 3*w + n - 3 = 0, 5*r + 3*w - 37 = 0. What is the units digit of r?
5
Let u be 0 + 0 - (1 + -44). Let x = -31 + u. Let r = x - -31. What is the units digit of r?
3
Let v = -51 - -107. Let y = 28 + v. What is the tens digit of y?
8
Let x = 12578 - 7532. What is the units digit of x?
6
Let m be 57 - ((-3)/(-3) + -3). Suppose -6*q + 361 = -m. What is the units digit of q?
0
Let x(h) = h**3 - 6*h**2 + 14*h + 6. Let s(t) = t**2 + 10*t + 7. Let z be s(-10). What is the tens digit of x(z)?
5
Let t = 2894 + -1961. What is the hundreds digit of t?
9
Let s be 0/(-2 + 3 - 2). Let j(x) = -x**3 + x**2 + 3. Let t be j(s). Suppose 7 = t*z - 8. What is the units digit of z?
5
What is the hundreds digit of (-12)/((-864)/18585) + (-1)/8?
2
Suppose 0 = 3*f - 88 - 56. Suppose -16*a + 12*a + f = 0. What is the units digit of ((-3)/2)/((-3)/a)?
6
Let h = -42 - -60. Suppose -2 = -2*i + 6, -l + 3*i = -h. What is the tens digit of l?
3
Suppose 22*c - 11317 + 1241 = 0. What is the units digit of c?
8
Let g(p) = -p**2 + p + 6. Let y be g(-4). Let q = y - -31. What is the units digit of q?
7
Suppose 52*m = 44082 + 83994. What is the units digit of m?
3
Suppose 0 = -15*a + 18*a - 285. Let q = a - -99. What is the hundreds digit of q?
1
Suppose 0 = 2*d + 3*d + 10. Let w be (-2529)/(-81) - d/(-9). Suppose -y = 2, -w = -3*q - 0*y + 2*y. What is the units digit of q?
9
Let d = -1 + 7. Let o(h) = 7 + 1 - 4 - h + 0 + h**3 - 5*h**2. What is the units digit of o(d)?
4
Let y be (-46)/(-12) + 1/6. Let a be (y/(-3))/(2/(-3)). What is the tens digit of (-990)/(-50) + a/10?
2
Let m = 14036 + -9799. What is the units digit of m?
7
Suppose 0 = -4*x - 5*h + 2306, -2*x - 5*h = -6*x + 2286. What is the tens digit of x?
7
Let u(r) = 46*r**2 + 28*r + 102. What is the hundreds digit of u(-5)?
1
Let h(m) = -m**3 + 4*m**2 + m - 4. Let a be h(4). Suppose -2*c + 16 + 10 = a. Suppose -5*g = 5*n - 120, 2*n - 55 = -4*g - c. What is the units digit of n?
7
Let h(d) = 4*d**2 - 10*d + 40. What is the tens digit of h(4)?
6
Let h(c) = 2*c + 4. Let a be h(3). Suppose -2 = l - 3*r + 3, -a = -2*r. Let s = 23 - l. What is the units digit of s?
3
Suppose -m = 4*y + 4*m - 32, 0 = -3*y + 4*m - 7. Suppose -y*n - 4*a - 1080 = -7*n, -2*a = -4. What is the units digit of n?
2
Suppose -u = -2*s + 501, 2*u - 3 = 3*u. What is the tens digit of s?
4
Let b(f) = 6*f**2 - 34*f + 54. What is the units digit of b(-19)?
6
What is the hundreds digit of ((-2)/3)/((-128)/357312)?
8
Suppose -9 = -3*f + 3. Suppose -d + 6*d - o - 303 = 0, -312 = -5*d + f*o. W